f 130239?
3, 29, 499
What are the prime factors of 5739?
3, 1913
List the prime factors of 960.
2, 3, 5
What are the prime factors of 87568?
2, 13, 421
List the prime factors of 26871.
3, 13, 53
List the prime factors of 9719.
9719
List the prime factors of 8869.
7, 181
What are the prime factors of 1774?
2, 887
List the prime factors of 23375.
5, 11, 17
List the prime factors of 37014.
2, 3, 31, 199
List the prime factors of 13708.
2, 23, 149
List the prime factors of 832.
2, 13
What are the prime factors of 4616?
2, 577
List the prime factors of 1831.
1831
List the prime factors of 15367.
11, 127
List the prime factors of 2153.
2153
What are the prime factors of 890?
2, 5, 89
What are the prime factors of 1912?
2, 239
What are the prime factors of 7741?
7741
List the prime factors of 56366.
2, 28183
What are the prime factors of 819?
3, 7, 13
List the prime factors of 5843.
5843
List the prime factors of 7030.
2, 5, 19, 37
What are the prime factors of 10704?
2, 3, 223
List the prime factors of 5575.
5, 223
List the prime factors of 24374.
2, 7, 1741
What are the prime factors of 1984?
2, 31
What are the prime factors of 6480?
2, 3, 5
What are the prime factors of 52711?
52711
What are the prime factors of 1777?
1777
What are the prime factors of 18309?
3, 17, 359
List the prime factors of 1640.
2, 5, 41
List the prime factors of 4738.
2, 23, 103
What are the prime factors of 1180?
2, 5, 59
List the prime factors of 19031.
19031
List the prime factors of 92205.
3, 5, 683
What are the prime factors of 23997?
3, 19, 421
What are the prime factors of 14507?
89, 163
List the prime factors of 46172.
2, 7, 17, 97
List the prime factors of 26843.
17, 1579
What are the prime factors of 33453?
3, 7, 59
List the prime factors of 44960.
2, 5, 281
List the prime factors of 5555.
5, 11, 101
List the prime factors of 2775.
3, 5, 37
What are the prime factors of 78?
2, 3, 13
What are the prime factors of 7921?
89
What are the prime factors of 421?
421
List the prime factors of 979.
11, 89
List the prime factors of 12589.
12589
What are the prime factors of 2777?
2777
List the prime factors of 245.
5, 7
List the prime factors of 118766.
2, 43, 1381
List the prime factors of 102627.
3, 7, 181
List the prime factors of 494.
2, 13, 19
List the prime factors of 610.
2, 5, 61
List the prime factors of 711.
3, 79
What are the prime factors of 18992?
2, 1187
What are the prime factors of 2907?
3, 17, 19
What are the prime factors of 67170?
2, 3, 5, 2239
What are the prime factors of 477?
3, 53
What are the prime factors of 848?
2, 53
List the prime factors of 8473.
37, 229
List the prime factors of 47040.
2, 3, 5, 7
List the prime factors of 23597.
7, 3371
List the prime factors of 201.
3, 67
List the prime factors of 708.
2, 3, 59
What are the prime factors of 4093?
4093
List the prime factors of 7657.
13, 19, 31
What are the prime factors of 973?
7, 139
What are the prime factors of 115811?
115811
What are the prime factors of 2288?
2, 11, 13
List the prime factors of 48540.
2, 3, 5, 809
What are the prime factors of 83478?
2, 3, 13913
List the prime factors of 5723.
59, 97
List the prime factors of 58330.
2, 5, 19, 307
List the prime factors of 3736.
2, 467
List the prime factors of 1316.
2, 7, 47
List the prime factors of 6790.
2, 5, 7, 97
List the prime factors of 1350.
2, 3, 5
List the prime factors of 397.
397
What are the prime factors of 47?
47
List the prime factors of 29331.
3, 3259
List the prime factors of 6.
2, 3
List the prime factors of 4615.
5, 13, 71
List the prime factors of 25669.
7, 19, 193
List the prime factors of 29076.
2, 3, 2423
List the prime factors of 9545.
5, 23, 83
List the prime factors of 6625.
5, 53
List the prime factors of 53859.
3, 13, 1381
What are the prime factors of 1401?
3, 467
What are the prime factors of 98?
2, 7
What are the prime factors of 16514?
2, 23, 359
What are the prime factors of 5337?
3, 593
List the prime factors of 17997.
3, 7, 857
List the prime factors of 2922.
2, 3, 487
What are the prime factors of 123480?
2, 3, 5, 7
What are the prime factors of 1445?
5, 17
What are the prime factors of 503?
503
What are the prime factors of 8937?
3, 331
What are the prime factors of 4637?
4637
List the prime factors of 3339.
3, 7, 53
What are the prime factors of 88568?
2, 11071
List the prime factors of 4820.
2, 5, 241
What are the prime factors of 184?
2, 23
List the prime factors of 53829.
3, 5981
List the prime factors of 84081.
3, 28027
List the prime factors of 2349.
3, 29
What are the prime factors of 6082?
2, 3041
What are the prime factors of 61?
61
What are the prime factors of 370?
2, 5, 37
List the prime factors of 2697.
3, 29, 31
List the prime factors of 87180.
2, 3, 5, 1453
What are the prime factors of 6348?
2, 3, 23
List the prime factors of 120443.
43, 2801
What are the prime factors of 6935?
5, 19, 73
What are the prime factors of 136?
2, 17
List the prime factors of 2279.
43, 53
What are the prime factors of 18957?
3, 71, 89
List the prime factors of 9654.
2, 3, 1609
List the prime factors of 5629.
13, 433
What are the prime factors of 2386?
2, 1193
List the prime factors of 2860.
2, 5, 11, 13
What are the prime factors of 1793?
11, 163
What are the prime factors of 268?
2, 67
List the prime factors of 6713.
7, 137
List the prime factors of 793.
13, 61
List the prime factors of 157796.
2, 103, 383
What are the prime factors of 1117?
1117
What are the prime factors of 9369?
3, 347
List the prime factors of 14182.
2, 7, 1013
What are the prime factors of 10384?
2, 11, 59
What are the prime factors of 1203?
3, 401
What are the prime factors of 93837?
3, 31, 1009
List the prime factors of 18155.
5, 3631
List the prime factors of 25567.
37, 691
List the prime factors of 26442.
2, 3, 13, 113
List the prime factors of 21389.
73, 293
List the prime factors of 9365.
5, 1873
List the prime factors of 11725.
5, 7, 67
What are the prime factors of 27238?
2, 13619
What are the prime factors of 18857?
109, 173
What are the prime factors of 17362?
2, 8681
List the prime factors of 1036.
2, 7, 37
What are the prime factors of 1071?
3, 7, 17
List the prime factors of 1814.
2, 907
What are the prime factors of 8682?
2, 3, 1447
What are the prime factors of 6357?
3, 13, 163
List the prime factors of 81779.
53, 1543
List the prime factors of 39137.
7, 5591
What are the prime factors of 179?
179
What are the prime factors of 8952?
2, 3, 373
What are the prime factors of 608?
2, 19
List the prime factors of 1884.
2, 3, 157
List the prime factors of 233.
233
List the prime factors of 104.
2, 13
List the prime factors of 13924.
2, 59
List the prime factors of 3796.
2, 13, 73
List the prime factors of 118059.
3, 23, 29, 59
What are the prime factors of 5947?
19, 313
List the prime factors of 1765.
5, 353
List the prime factors of 16852.
2, 11, 383
What are the prime factors of 1871?
1871
List the prime factors of 1342.
2, 11, 61
List the prime factors of 4037.
11, 367
What are the prime factors of 3099?
3, 1033
What are the prime factors of 35137?
41, 857
What are the prime factors of 12893?
12893
What are the prime factors of 12946?
2, 6473
List the prime factors of 2474.
2, 1237
What are the prime factors of 10728?
2, 3, 149
List the prime factors of 9143.
41, 223
What are the prime factors of 89322?
2, 3, 14887
What are the prime factors of 504?
2, 3, 7
List the prime factors of 17093.
17093
List the prime factors of 1117.
1117
List the prime factors of 1409.
1409
List the prime factors of 39288.
2, 3, 1637
List the prime factors of 14395.
5, 2879
List the prime factors of 1572.
2, 3, 131
What are the prime factors of 1895?
5, 379
List the prime factors of 4020.
2, 3, 5, 67
What are the prime factors of 557?
557
What are the prime factors of 95153?
95153
What are the prime factors of 4104?
2, 3, 19
List the prime factors of 39463.
19, 31, 67
What are the prime factors of 6546?
2, 3, 1091
List the prime factors of 73114.
2, 139, 263
List the prime factors of 6587.
7, 941
List the prime factors of 1650.
2, 3, 5, 11
List the prime factors of 13839.
3, 7, 659
What are the prime factors of 11127?
3, 3709
List the prime factors of 843.
3, 281
List the prime factors of 120890.
2, 5, 7, 11, 157
List the prime factors of 13